{"id":102,"date":"2015-01-04T22:50:17","date_gmt":"2015-01-04T22:50:17","guid":{"rendered":"http:\/\/ferienwohnungwadern.de\/?page_id=102"},"modified":"2022-01-23T18:34:35","modified_gmt":"2022-01-23T18:34:35","slug":"gaestebuch-2","status":"publish","type":"page","link":"https:\/\/ferienwohnungwadern.de\/?page_id=102","title":{"rendered":"G\u00e4stebuch"},"content":{"rendered":"\n<figure class=\"wp-block-gallery columns-3 is-cropped wp-block-gallery-1 is-layout-flex wp-block-gallery-is-layout-flex\"><ul class=\"blocks-gallery-grid\"><li class=\"blocks-gallery-item\"><figure><img loading=\"lazy\" decoding=\"async\" width=\"540\" height=\"400\" src=\"https:\/\/ferienwohnungwadern.de\/wp-content\/uploads\/2015\/01\/cropped-Haus_mB_1.jpg\" alt=\"\" data-id=\"23\" class=\"wp-image-23\" srcset=\"https:\/\/ferienwohnungwadern.de\/wp-content\/uploads\/2015\/01\/cropped-Haus_mB_1.jpg 540w, https:\/\/ferienwohnungwadern.de\/wp-content\/uploads\/2015\/01\/cropped-Haus_mB_1-300x222.jpg 300w, https:\/\/ferienwohnungwadern.de\/wp-content\/uploads\/2015\/01\/cropped-Haus_mB_1-332x246.jpg 332w\" sizes=\"auto, (max-width: 540px) 100vw, 540px\" \/><\/figure><\/li><li class=\"blocks-gallery-item\"><figure><img loading=\"lazy\" decoding=\"async\" width=\"500\" height=\"375\" src=\"https:\/\/ferienwohnungwadern.de\/wp-content\/uploads\/2015\/04\/Welcome_2-e1509737823262.jpg\" alt=\"\" data-id=\"289\" class=\"wp-image-289\"\/><\/figure><\/li><li class=\"blocks-gallery-item\"><figure><img loading=\"lazy\" decoding=\"async\" width=\"1024\" height=\"768\" src=\"https:\/\/ferienwohnungwadern.de\/wp-content\/uploads\/2022\/01\/P1010809-1024x768.jpg\" alt=\"\" data-id=\"480\" data-full-url=\"https:\/\/ferienwohnungwadern.de\/wp-content\/uploads\/2022\/01\/P1010809.jpg\" data-link=\"https:\/\/ferienwohnungwadern.de\/?attachment_id=480\" class=\"wp-image-480\" srcset=\"https:\/\/ferienwohnungwadern.de\/wp-content\/uploads\/2022\/01\/P1010809-1024x768.jpg 1024w, https:\/\/ferienwohnungwadern.de\/wp-content\/uploads\/2022\/01\/P1010809-300x225.jpg 300w, https:\/\/ferienwohnungwadern.de\/wp-content\/uploads\/2022\/01\/P1010809-768x576.jpg 768w, https:\/\/ferienwohnungwadern.de\/wp-content\/uploads\/2022\/01\/P1010809-1536x1152.jpg 1536w, https:\/\/ferienwohnungwadern.de\/wp-content\/uploads\/2022\/01\/P1010809-2048x1536.jpg 2048w, https:\/\/ferienwohnungwadern.de\/wp-content\/uploads\/2022\/01\/P1010809-700x525.jpg 700w, https:\/\/ferienwohnungwadern.de\/wp-content\/uploads\/2022\/01\/P1010809-332x249.jpg 332w\" sizes=\"auto, (max-width: 1024px) 100vw, 1024px\" \/><\/figure><\/li><\/ul><\/figure>\n\n\n\n<p><strong>lesen Sie hier ausgew\u00e4hlte Eintr\u00e4ge aus dem G\u00e4stebuch der Ferienwohnung Lauer <\/strong><\/p>\n\n\n\n<p><span style=\"font-size: medium;\">Liebe Fam. Lauer<\/span><br><span style=\"font-size: medium;\">Vielen Dank f\u00fcr die sch\u00f6nen Tage, wo wir als Stammg\u00e4ste wieder <\/span><span style=\"font-size: medium;\">bei Ihnen sein durften. <\/span><span style=\"font-size: medium;\">Wir kommen wieder keine Frage<\/span><\/p>\n\n\n\n<p><span style=\"font-size: medium;\">Liebe Fam. Lauer <\/span><br><span style=\"font-size: medium;\">Wir haben uns hier sehr wohl gef\u00fchlt und werden gerne wieder kommen. <\/span><span style=\"font-size: medium;\">Durch Ihre nette, hilfsbereite Art, war man gleich heimisch.<\/span><\/p>\n\n\n\n<p><span style=\"font-size: medium;\">Liebe Fam. Lauer <\/span><br><span style=\"font-size: medium;\">Wie in den vergangenen 7Jahren , ja so lange kommen wir schon zu Ihnen, <\/span><span style=\"font-size: medium;\">haben wir uns wieder wohl und wie zu Hause gef\u00fchlt. <\/span><span style=\"font-size: medium;\">Dazu noch die ganzen Tage das herrliche Wetter, alles war bestens. <\/span><span style=\"font-size: medium;\">Alles Gute bis zum n\u00e4chsten Jahr.<\/span><\/p>\n\n\n\n<p><span style=\"font-size: medium;\">Liebe Fam Lauer <\/span><br><span style=\"font-size: medium;\">Wir bedanken uns f\u00fcr die liebevolle Betreuung und f\u00fcr die sch\u00f6ne <\/span><span style=\"font-size: medium;\">Zeit hier in Wadern. Wir kommen gerne wieder.<\/span><\/p>\n\n\n\n<p><span style=\"font-size: medium;\">Liebe Fam. Lauer <\/span><br><span style=\"font-size: medium;\">In Ihrer liebevoll eingerichteten Wohnung haben wir uns sehr wohl gef\u00fchlt. <\/span><span style=\"font-size: medium;\">Es ist sch\u00f6n die alte Heimat zu besuchen.<\/span><\/p>\n\n\n\n<p><span style=\"font-size: medium;\">Liebe Fam. Lauer <\/span><br><span style=\"font-size: medium;\">Seit einigen Jahren ist Euer Haus unser \u201e Anlegesteg\u201c in Wadern <\/span><span style=\"font-size: medium;\">und wir f\u00fchlen uns hier immer gut aufgehoben. <\/span><span style=\"font-size: medium;\">Wir kommen wieder.<\/span><\/p>\n\n\n\n<p>Liebe Fam. Lauer<br>Die Zeit ist um wir m\u00fcssen gehn! Hier war es wieder wundersch\u00f6n.<br>Vielen Dank f\u00fcr die sch\u00f6nen Tage wir freuen uns heute schon, auf das n\u00e4chste Wiedersehen.<\/p>\n\n\n\n<p>Liebe Fam. Lauer<br>Danke f\u00fcr die sch\u00f6ne Zeit in ihrer wunderbaren Ferienwohnung, bei perfektem Fr\u00fchlingswetter,<br>Wir konnten sogar schon drau\u00dfen sitzen. Wir kommen gerne wieder.<\/p>\n\n\n\n<p>Liebe Fam. Lauer<br>Wir waren sehr angenehm \u00fcberrascht von Ihnen und Ihrer gem\u00fctlichen und sch\u00f6nen Ferienwohnung, ohne zu \u00fcbertreiben alles ganz prima. Wenn Gott will kommen wir gerne wieder.<\/p>\n\n\n\n<p>Liebe Fam. Lauer<br>Wir bedanken uns f\u00fcr die sch\u00f6nen Tage in Ihrer sehr sch\u00f6nen, Ferienwohnung.<br>Unser Urlaub wurde Dank Ihrer Info und Empfehlung zu einer unvergesslichen Zeit<br>Sie waren sehr nette Vermieter und wir w\u00fcnschen Ihnen alles Gute.<\/p>\n\n\n\n<p>Liebe Fam. Lauer<br>Ein gro\u00dfes Dankesch\u00f6n f\u00fcr die Perfekte Ferienwohnung und die guten Tipps f\u00fcr<br>wundersch\u00f6ne Ausfl\u00fcge. Wir waren noch nie Im Saarland, es hat uns so gut gefallen deshalb kommen wir gerne wieder.<\/p>\n\n\n\n<div style=\"text-align: justify;\">Liebe Fam. Lauer<\/div>\n\n\n\n<p>den Aufenthalt in Wadern haben wir wieder sehr genie\u00dfen k\u00f6nnen. Entscheidend zum Wohlf\u00fchlen beigetragen hat auch diesmal Ihre ausgepr\u00e4gte Gastfreundschaft. Wir danken sehr und w\u00fcnschen Ihnen&nbsp;alles Gute!<\/p>\n\n\n\n<div style=\"text-align: justify;\">Liebe Familie Lauer<\/div>\n\n\n\n<div style=\"text-align: justify;\">ob Regen, Schnee oder Sonnenschein, hier f\u00fchlt man sich wohl wie daheim. In der Wohnung oder in der Natur, so stellt man sich den Urlaub vor. Wir w\u00fcnschen Ihnen alles Gute und verbleiben mit den freundlichsten Gr\u00fc\u00dfen&#8230;<\/div>\n\n\n\n<div style=\"text-align: justify;\"><span style=\"color: #ffffff;\"><span style=\"color: #ffffff;\">&nbsp;<\/span><\/span><\/div>\n\n\n\n<div style=\"text-align: justify;\">\n<div style=\"text-align: justify;\">Liebe Fam. Lauer<\/div>\n<div style=\"text-align: justify;\">Unser erster Aufenthalt im Saarland hat uns sehr gut gefallen, insbesondere in ihrer Ferienwohnung haben wir uns&nbsp;sehr wohl gef\u00fchlt. Alles war vorhanden und den Cafe konnten nachmittags bei Sonne auf dem gro\u00dfen Balkon genie\u00dfen.<\/div>\n<div style=\"text-align: justify;\">Vielen Dank wir kommen wieder.<\/div>\n<div style=\"text-align: justify;\"><span style=\"color: #ffffff;\">&#8211;<\/span><\/div>\n<\/div>\n\n\n\n<div style=\"text-align: justify;\">Liebe Fam. Lauer<\/div>\n\n\n\n<div style=\"text-align: justify;\">Wir haben sehr sch\u00f6ne und interessante Urlaubstage im Saarland erlebt. Au\u00dferdem haben wir eine sehr sch\u00f6ne Ferienwohnung kennengelernt, in der wir uns sehr wohl und heimisch gef\u00fchlt haben. In dieser Wohnung hat es an nichts<\/div>\n\n\n\n<div style=\"text-align: justify;\">gefehlt, und vielen Dank f\u00fcr die freundliche Aufnahme. Wir kommen gerne wieder. Herzliche Gr\u00fc\u00dfe<\/div>\n\n\n\n<div style=\"text-align: justify;\">&nbsp;<span style=\"color: #ffffff;\">&nbsp;&#8211;<\/span><\/div>\n\n\n\n<div style=\"text-align: justify;\">Liebe Fam. Lauer<\/div>\n\n\n\n<div style=\"text-align: justify;\">Zum wiederholten Male durften wir Ihre tolle Ferienwohnung genie\u00dfen und wundersch\u00f6ne Wandertage im Hochwaldverbringen. Wir f\u00fchlen uns schon wie zu Hause. Vielen Dank bis zu n\u00e4chsten Jahr.<\/div>\n\n\n\n<div style=\"text-align: justify;\">&nbsp;<span style=\"color: #ffffff;\">&nbsp;&#8211;<\/span><\/div>\n\n\n\n<div style=\"text-align: justify;\">Liebe Fam. Lauer<\/div>\n\n\n\n<div style=\"text-align: justify;\">Nach 70 km strampeln und purer Ersch\u00f6pfung haben wir uns sehr \u00fcber das tolle Ziel gefreut. Die herzlicheBegr\u00fc\u00dfung und die gem\u00fctliche FEWO sorgten daf\u00fcr, dass wir uns pudelwohl f\u00fchlten.Daf\u00fcr herzlichen Dank und wir kommen gern wieder<\/div>\n\n\n\n<p>Liebe Familie Lauer,<\/p>\n\n\n\n<p>nach langer Fahrt sind wir gut im Saarland angekommen und haben eine wundersch\u00f6ne erholsame Wochen bei Ihnen in Wadern verbringen d\u00fcrfen. Diese Woche verging wie im Flug\u2026leider\u2026Nicht zuletzt lag dies an der wundersch\u00f6nen Ferienwohnung die wir vorgefunden und in der wir uns sehr wohl gef\u00fchlt haben. Wir w\u00fcnschen Ihnen weiterhin nette G\u00e4ste und vor allem Gesundheit.<\/p>\n\n\n\n<p>Liebe Familie Lauer,<\/p>\n\n\n\n<p>zum vierten Mal wohnen wir jetzt bei Ihnen und wir f\u00fchlen uns wieder wohl wie daheim in Regensburg. Die Waderner Kirmes war zwar verregnet, aber f\u00fcr Verwandten- und Bekanntenbesuche und f\u00fcr Gespr\u00e4che \u00fcber die alten Zeiten (und mit \u00e4lteren Leuten, zu denen wir inzwischen auch geh\u00f6ren), spielt das Wetter keine Rolle. Trotzdem haben wir auch einige kleine Wanderungen in und um Wadern gemacht \u2013 Burgruine Grimburg, Wadriller Alm, Schaumberg bei Tholey, Saarburg usw. Wir sagen \u201eAuf Wiedersehen im n\u00e4chsten Jahr\u201c und w\u00fcnschen Ihnen alles Gute, vor allem Gesundheit.<\/p>\n\n\n\n<p>Liebe Familie Lauer,<\/p>\n\n\n\n<p>erneut verbrachten wir eine sehr sch\u00f6ne Urlaubswoche in Ihrer gem\u00fctlichen Ferienwohnung! Jeden Tag waren wir auf Entdeckungstour, Bostalsee, V\u00f6lklinger H\u00fctte, Fahrt mit dem Schiff auf der Saar usw. Wir kommen gerne wieder, alles Gute und viel Gesundheit f\u00fcr Sie, das w\u00fcnschen wir Ihnen von ganzen Herzen.<\/p>\n\n\n\n<p>Liebe Familie Lauer,<\/p>\n\n\n\n<p>zum wiederholten Male d\u00fcrfen wir Ihre sch\u00f6ne Wohnung nutzen, die mit ausschlaggebend ist, immer mal wieder einige Tage im Saarland verbringen zu d\u00fcrfen. Trotz hochsommerlichen Temperaturen sind wir viel gewandert und die Woche ging viel zu schnell vorbei. Heute zum Abschluss werden wir noch den \u201eWaderner Maad\u201c erleben. Herzlichen Dank f\u00fcr Ihre liebe Gastfreundschaft.<\/p>\n\n\n\n<p>Eine gro\u00dfz\u00fcgige Diele, eine K\u00fcche in der alles m\u00f6glich ist, ein gem\u00fctliches Wohnzimmer mit wirklich gro\u00dfer Sonnenterasse, ein sch\u00f6ner Blick in den Garten und Ihre Gastfreundlichkeit, liebe Familie Lauer sind die richtigen Zutaten sich wohlzuf\u00fchlen. Wir haben uns sehr wohl bei Ihnen gef\u00fchlt und uns nach vielen sch\u00f6nen Tagestouren in die n\u00e4here und fernere Umgebung immer auf unsere Ferienwohnung Lauer gefreut. Hierf\u00fcr unseren herzlichen Dank.<\/p>\n\n\n\n<p>Liebe Familie Lauer,<\/p>\n\n\n\n<p>vielen Dank f\u00fcr die sch\u00f6nen Tage in Ihrer Ferienwohnung. Wir haben uns sehr wohl gef\u00fchlt und kommen gerne auf einen weiteren Kurzurlaub bei Ihnen vorbei! Alles Gute f\u00fcr das neue Jahr w\u00fcnschen wir Ihnen.<\/p>\n\n\n\n<p>Liebe Fam. Lauer<\/p>\n\n\n\n<p>Zum dritten mal konnten wir ein paar sehr sch\u00f6ne Tage in Wadern in Ihrer Ferienwohnung verbringen. Wir haben schon viele Ferienwohnungen erlebt, aber kaum eine war so sch\u00f6n hell, ger\u00e4umig und gepflegt und perfekt eingerichtet wie diese. Bei Familie Lauer gilt offensichtlich der Grundsatz: F\u00fcr die G\u00e4ste nur das Beste.&#8220; Das tut richtig gut und so freuen wir uns schon jetzt auf unsern n\u00e4chsten Urlaub bei Ihnen. Vielen Dank und auf Wiedersehen Fam. S.<\/p>\n\n\n\n<p>&#8230;<\/p>\n\n\n\n<p><\/p>\n","protected":false},"excerpt":{"rendered":"<p>lesen Sie hier ausgew\u00e4hlte Eintr\u00e4ge aus dem G\u00e4stebuch der Ferienwohnung Lauer Liebe Fam. LauerVielen Dank f\u00fcr die sch\u00f6nen Tage, wo wir als Stammg\u00e4ste wieder bei Ihnen sein durften. Wir kommen wieder keine Frage Liebe Fam. Lauer Wir haben uns hier sehr wohl gef\u00fchlt und werden gerne wieder kommen. Durch Ihre &#8230;<\/p>\n","protected":false},"author":1,"featured_media":0,"parent":0,"menu_order":30,"comment_status":"closed","ping_status":"closed","template":"","meta":{"footnotes":""},"class_list":["post-102","page","type-page","status-publish","hentry","column","twocol"],"_links":{"self":[{"href":"https:\/\/ferienwohnungwadern.de\/index.php?rest_route=\/wp\/v2\/pages\/102","targetHints":{"allow":["GET"]}}],"collection":[{"href":"https:\/\/ferienwohnungwadern.de\/index.php?rest_route=\/wp\/v2\/pages"}],"about":[{"href":"https:\/\/ferienwohnungwadern.de\/index.php?rest_route=\/wp\/v2\/types\/page"}],"author":[{"embeddable":true,"href":"https:\/\/ferienwohnungwadern.de\/index.php?rest_route=\/wp\/v2\/users\/1"}],"replies":[{"embeddable":true,"href":"https:\/\/ferienwohnungwadern.de\/index.php?rest_route=%2Fwp%2Fv2%2Fcomments&post=102"}],"version-history":[{"count":26,"href":"https:\/\/ferienwohnungwadern.de\/index.php?rest_route=\/wp\/v2\/pages\/102\/revisions"}],"predecessor-version":[{"id":481,"href":"https:\/\/ferienwohnungwadern.de\/index.php?rest_route=\/wp\/v2\/pages\/102\/revisions\/481"}],"wp:attachment":[{"href":"https:\/\/ferienwohnungwadern.de\/index.php?rest_route=%2Fwp%2Fv2%2Fmedia&parent=102"}],"curies":[{"name":"wp","href":"https:\/\/api.w.org\/{rel}","templated":true}]}}